prime factors of r.
5, 7
Let b(g) = -2*g + 10. Let u be b(7). What are the prime factors of (-6)/u*-2*-7?
3, 7
Suppose 4*a - 16*a = -2652. List the prime factors of a.
13, 17
Let m be (-630)/(-40) + 1/4. Suppose p = 2*w - 3*w + 18, 4*w = m. What are the prime factors of p?
2, 7
Let o(l) = -l**2 + 16*l + 4. List the prime factors of o(9).
67
Let z(p) = p**3 + 3*p**2 - 5*p + 4. Let l be z(3). Let f = -11 + 15. Suppose 3*t - 5 = -f*h + l, -2*t = 2*h - 30. What are the prime factors of t?
2, 3
Let v = 1 - -6. Let i = v + -2. Suppose 5*y - 2*o - 73 - 29 = 0, i*o = 2*y - 45. What are the prime factors of y?
2, 5
Suppose 5*i = 2*i - 18. Let g = i - -8. Let d = 5 + g. List the prime factors of d.
7
Let o(l) be the first derivative of l**4/4 + 2*l**3 - 7*l**2/2 + 5*l + 1. What are the prime factors of o(-7)?
5
Let h = -11 + 8. What are the prime factors of 20 + -2 + (-12)/h?
2, 11
Let r(u) be the third derivative of -u**5/40 + u**4/12 + u**3/3 + 3*u**2. Let d(a) be the first derivative of r(a). List the prime factors of d(-2).
2
Let u(l) = -l. Let w be u(2). List the prime factors of w/(-4) + 200/16.
13
Let d = -11 + 27. What are the prime factors of d?
2
Let s = -6 - -9. Suppose -3*o = -5*k - 5*o, 0 = -s*k - 4*o. Suppose -5*u + 2*i + 96 = 0, k*i = -2*u - i + 33. What are the prime factors of u?
2, 3
Suppose 5 = -2*g - 3. Let x(l) = -l**2 - 7*l - 6. Let k be x(-7). What are the prime factors of g/((-8)/k - 2)?
2, 3
Let l(d) = -d**2 - d + 26. What are the prime factors of l(0)?
2, 13
Suppose 7 = -3*q + 4*z - 91, -3*z = q + 11. Let t = q - -36. Suppose 2*j = -5*v + 57, -j + 14 + t = v. What are the prime factors of j?
3, 7
List the prime factors of 1/((-4 + 6)/(82/1)).
41
Let z = -5 + 13. Suppose -z = -t - t. Let k = 25 - t. List the prime factors of k.
3, 7
Let n(r) = r**3 + 2*r**2 - r + 1. Let z be n(2). Suppose p - 2*t = z, 4*t + 55 = -p + 4*p. List the prime factors of p.
5
Suppose -365 = -2*m + 87. Suppose -212 = -5*z - 4*g, -5*z - g + 4*g + m = 0. List the prime factors of z.
2, 11
Suppose -h = -w - 4, -2*h = -0*h + 4*w + 4. Suppose 0 = -h*k + 27 + 23. List the prime factors of k.
5
Let k(r) = -r**2 + 2*r + 1. Let i be k(-3). Let n = 14 - -7. Let d = i + n. What are the prime factors of d?
7
Let r be 2 + 2*(-3)/3. Let x = 2 + r. List the prime factors of x + -1 + 1*8.
3
Suppose 12 = u - 8. Suppose -u = -2*i + 14. List the prime factors of i.
17
Let k = -7 - -6. Let o(a) = -4*a**3 + 2*a**2 - 1. Let b be o(k). What are the prime factors of -5*-1*6/b?
2, 3
Suppose -o + 5*p + 33 = 0, -4*p = -3*o + 25 + 30. List the prime factors of o.
13
Suppose 2*n + 48 = -0*n. List the prime factors of 38/8 + (-6)/n.
5
Let h = 10 - 8. Let p = h - -16. What are the prime factors of p?
2, 3
Suppose 0 = -5*r - n + 13, 0 = -5*n + 11 + 4. List the prime factors of r.
2
Suppose 0 = 2*z - z - 2. Suppose -z = i + i. List the prime factors of (i - 0)/(1/(-9)).
3
List the prime factors of (12/(-1 - 1) + 0)*-14.
2, 3, 7
Let i(w) = -4*w**2 - w**2 + 4*w**2 + 1 + 0*w**2 + 4*w. List the prime factors of i(2).
5
Let v be ((-15)/(-20))/(2/16). Suppose -2*j + 10 + v = 0. Suppose j = x - 3. What are the prime factors of x?
11
What are the prime factors of 10116/45 + -2 - 2/(-10)?
223
Let j = 186 - 97. Suppose -2*a = 3*p - 32, 5*a + 4*p - j = -23. List the prime factors of a.
2, 5
Let m(b) = -b**2 + 7*b - 4. Let u be m(3). Let q = -7 + u. List the prime factors of q*(-3 - -14) - 3.
2
Suppose -13 = -i - u + 14, -5*i - u + 127 = 0. Suppose i = -m + 66. Let c = -21 + m. What are the prime factors of c?
2, 5
Let i be 3/6 - 82/4. Suppose 5*b = 40 + 10. What are the prime factors of (i/6)/(b/(-15))?
5
Let a(t) = t**2 - 6*t + 3. Let i(z) = -3*z + 2. Let g(d) = -7*d + 3. Let x(j) = -3*g(j) + 5*i(j). Let k be x(1). What are the prime factors of a(k)?
2, 5
List the prime factors of (-3)/(-36)*39 - (-2)/(-8).
3
Let a(y) = y**2 + y - 5. Let j be a(-4). Suppose j*l - 12 = 3*l. Suppose -s - 2*m + 12 = s, 0 = l*s - 5*m - 2. What are the prime factors of s?
2
Let v(m) = -7*m**3 - m**2 - m + 3. List the prime factors of v(-2).
3, 19
Suppose 9 = -z - 4*n + 3*n, 2*z + 6 = 2*n. Let r be (4/z)/((-6)/63). Let o = r + -2. List the prime factors of o.
5
Let t be 4/6 + 43/3. What are the prime factors of t/(-6)*48/(-15)?
2
Let q = 9 - 5. Suppose 4*g + q = 5*g. List the prime factors of g.
2
Suppose -2*a = 5*o - 19, a - 3*o + 7*o - 14 = 0. Suppose a*h - 78 = s, -5*h - 5*s + 210 = -0*s. List the prime factors of h.
2, 5
Suppose -3*w + 79 + 26 = 0. What are the prime factors of w?
5, 7
Let v = 5 - 11. What are the prime factors of 46/8 + v/(-24)?
2, 3
Let v(j) = -j**2 - j + 95. What are the prime factors of v(0)?
5, 19
Let w(s) = s**2 + 4*s. Let j be w(-3). Let x(r) = -r**3 - r**2 - 1 + 11*r - 25*r + 18*r. What are the prime factors of x(j)?
5
Suppose 2*c = 45 + 27. List the prime factors of c.
2, 3
Let u be (-5)/((-10)/6) + 207. Suppose 0 = -4*x - 58 + u. What are the prime factors of x?
2, 19
Let u(f) = f**3 + 9*f**2 - f + 1. Let y be u(-7). List the prime factors of (-5)/25 - y/(-5).
3, 7
Suppose -p = 3*p - 56. Suppose 13*l = p*l - 18. List the prime factors of l.
2, 3
Let k be (-1)/2*(-24)/4. Suppose 2*w - 205 = -k*w. What are the prime factors of w?
41
Let a(b) = -3*b**2 - b. Let d be a(-1). Let z be (1/(-3) - 1)*-6. Let o = d + z. List the prime factors of o.
2, 3
Let t = 63 - 13. What are the prime factors of t?
2, 5
Let m be (22/6)/(2/6). Let a(s) = -s**3 + 10*s**2 + 13*s - 11. List the prime factors of a(m).
11
Let c = 40 + 2. Let d be ((-32)/6)/(-4)*c. Suppose 0 = -4*b - 8 + d. What are the prime factors of b?
2, 3
Suppose 213 - 889 = -4*c. List the prime factors of c.
13
Suppose 0 = 2*h + 2, h + 1 = 2*v - 14. Let f(u) = 4*u**2 + u. Let a be f(-2). Let p = a - v. What are the prime factors of p?
7
Let l be 42/(-4)*4/(-6). Let o = -9 + l. List the prime factors of (-31)/o - (-6)/(-12).
3, 5
Suppose 9*h = 4*h + 10. Suppose h*p = 7*p - 80. What are the prime factors of p?
2
Suppose o = 3*y + 2 - 1, -4*o + y - 18 = 0. Let c = o - -8. List the prime factors of c.
3
Suppose 104 = 2*q - 60. List the prime factors of q.
2, 41
Let x(n) = -n**3 + 7*n**2 - 3*n + 5. What are the prime factors of x(4)?
41
Let y(l) = 2*l**2 - 2 - 11*l - l**2 + 4*l. What are the prime factors of y(9)?
2
Let b(l) = -4 - 3 + 4*l - 4 + 3. What are the prime factors of b(8)?
2, 3
Suppose 5*q = -l + 117, 7*q + 5 = 2*q. Let s = l + -78. Suppose 4*a + 0 = s. List the prime factors of a.
11
Suppose 2*u = -2*u + 84. List the prime factors of (-4)/7*u/(-6).
2
Let z(d) = 1. Let u(j) = j - 1. Let r(s) = -3*u(s) - 6*z(s). What are the prime factors of r(-10)?
3
Let z be 105/(-3) - (-6)/(-2). Let m = 66 + z. List the prime factors of m.
2, 7
Suppose 0 = -t + k + 2*k - 5, 3*t + 4*k - 37 = 0. What are the prime factors of t?
7
Let j = 98 - 61. What are the prime factors of j?
37
Let y be (-16)/12 + (-1)/(-3). List the prime factors of 6*1*y/(-3).
2
Let g be (-21)/12*(-20)/1. Suppose -4*c - 5*k + 32 = 0, -3*c + g = 2*c + 5*k. Suppose -c*t = 2*t - 55. List the prime factors of t.
11
List the prime factors of ((-650)/(-39))/(5/(75/2)).
5
Let r(k) = 2*k**2 - 1. What are the prime factors of r(-2)?
7
Let y(g) = -g**3 + 2*g**2 + 6*g - 1. Let o be y(4). Let d = o + 15. What are the prime factors of d?
2, 3
Suppose 0*p + 5*p = 0. Suppose p*a - 3*a = -108. List the prime factors of a.
2, 3
Suppose 19*u = 17*u + 8. What are the prime factors of u?
2
Suppose 0*c = -c + 19. What are the prime factors of c?
19
Suppose -3*q + 12 = -3*s, 4 = -0*q + 2*q + 2*s. Suppose 0 = -4*k + 9 + q. What are the prime factors of k?
3
Let k(f) = f**3 - 5*f**2 + 5*f - 1. Let g be k(4). Suppose 0 = -g*i + 5*c + 13, 4*i - 36 = 2*c - 0*c. List the prime factors of i.
11
Let x = 14 - 4. Let v be 3 + (-1*4 - -3). Let a = x + v. What are the prime factors of a?
2, 3
Let n(c) = 10*c**3 + c**2 - c. Let u be n(-2). Let v = -47 - u. What are the prime factors of v?
3
Let c = -92 + 219. List the prime factors of c.
127
Suppose 0 = -f + 9 + 3. List the prime factors of f.
2, 3
Let z = 18 + -10. Let s = 13 - z. Let c(m) = m**2 - 2*m - 6. List the prime factors of c(s).
3
Suppose h - 4*k - 41 = 68, 2*h - 2*k = 242. Suppose 2*q = -5*m - 3*q + h, 0 = -5*m - q + 117. What are the prime factors 